multiple of 229?
True
Does 8 divide 3819?
False
Is 16 a factor of 191088?
True
Does 8 divide 14875?
False
Is 3398 a multiple of 7?
False
Is 715 a multiple of 3?
False
Is 27111 a multiple of 21?
True
Is 62 a factor of 11780?
True
Is 210 a multiple of 14?
True
Does 15 divide 8909?
False
Does 15 divide 327?
False
Does 39 divide 891?
False
Does 121 divide 15004?
True
Does 25 divide 18894?
False
Does 179 divide 17184?
True
Does 23 divide 5842?
True
Is 9 a factor of 6137?
False
Does 36 divide 3758?
False
Is 19 a factor of 3296?
False
Does 64 divide 4954?
False
Is 754 a multiple of 166?
False
Does 21 divide 44264?
False
Does 39 divide 832?
False
Does 161 divide 3059?
True
Is 7822 a multiple of 111?
False
Does 29 divide 3654?
True
Is 41 a factor of 5921?
False
Is 11 a factor of 3113?
True
Does 32 divide 448?
True
Is 2187 even?
False
Is 12452 a multiple of 42?
False
Is 2822 a multiple of 34?
True
Is 1849 a multiple of 39?
False
Is 26862 a multiple of 22?
True
Does 67 divide 1632?
False
Is 8 a factor of 6473?
False
Does 6 divide 42?
True
Is 31 a factor of 450?
False
Is 91410 a multiple of 277?
True
Does 138 divide 6800?
False
Does 174 divide 54346?
False
Does 33 divide 42?
False
Is 45 a factor of 855?
True
Is 7608 a multiple of 24?
True
Is 360 a multiple of 3?
True
Is 67 a factor of 23249?
True
Is 3 a factor of 2640?
True
Is 519 a multiple of 3?
True
Is 45 a factor of 108?
False
Is 16 a factor of 29044?
False
Does 37 divide 11618?
True
Is 10 a factor of 524?
False
Does 170 divide 2746?
False
Is 49 a factor of 1225?
True
Is 7 a factor of 346?
False
Is 51 a factor of 1131?
False
Is 2126 a multiple of 21?
False
Does 12 divide 124812?
True
Is 2255 a multiple of 15?
False
Does 29 divide 464?
True
Is 15124 a multiple of 20?
False
Is 81 a multiple of 27?
True
Is 8 a factor of 2335?
False
Is 6885 a multiple of 27?
True
Does 195 divide 7930?
False
Is 5 a factor of 19281?
False
Does 35 divide 33833?
False
Is 1862 a multiple of 19?
True
Is 25262 a multiple of 12?
False
Does 26 divide 5016?
False
Is 2 a factor of 45?
False
Is 221 a factor of 34291?
False
Does 4 divide 48636?
True
Does 16 divide 34554?
False
Is 263 a multiple of 12?
False
Is 49 a factor of 2741?
False
Is 2 a factor of 536?
True
Is 7 a factor of 210?
True
Is 118 a factor of 1804?
False
Is 51 a factor of 918?
True
Is 74 a factor of 9472?
True
Does 65 divide 2145?
True
Does 36 divide 17227?
False
Does 53 divide 19186?
True
Is 11 a factor of 7348?
True
Is 67 a factor of 1539?
False
Is 5 a factor of 688?
False
Is 17 a factor of 68051?
True
Does 14 divide 126?
True
Does 16 divide 1606?
False
Is 9 a factor of 144?
True
Is 356 a multiple of 26?
False
Does 210 divide 17010?
True
Is 46 a factor of 14168?
True
Is 5177 a multiple of 21?
False
Is 147 a factor of 75264?
True
Is 16 a factor of 391?
False
Is 6579 a multiple of 9?
True
Does 38 divide 1140?
True
Does 8 divide 5605?
False
Is 776 a multiple of 97?
True
Does 51 divide 19176?
True
Is 16665 a multiple of 303?
True
Does 12 divide 153?
False
Is 42 a factor of 2352?
True
Does 3 divide 10511?
False
Is 9240 a multiple of 14?
True
Is 602 a multiple of 70?
False
Is 4843 a multiple of 31?
False
Does 34 divide 1560?
False
Is 14364 a multiple of 31?
False
Is 12 a factor of 278?
False
Is 1517 a multiple of 20?
False
Is 126 a multiple of 18?
True
Is 2288 a multiple of 22?
True
Is 2608 a multiple of 64?
False
Does 32 divide 86736?
False
Is 1432 a multiple of 39?
False
Is 882 a multiple of 21?
True
Is 88573 a multiple of 23?
True
Is 43200 a multiple of 30?
True
Is 374 a multiple of 5?
False
Does 168 divide 12704?
False
Is 8157 a multiple of 10?
False
Is 2082 a multiple of 6?
True
Does 48 divide 2691?
False
Is 4761 a multiple of 100?
False
Is 20 a factor of 3430?
False
Is 68 a factor of 6061?
False
Does 22 divide 23106?
False
Is 7 a factor of 8766?
False
Is 516 a multiple of 17?
False
Does 63 divide 586?
False
Does 3 divide 7356?
True
Is 33105 a multiple of 27?
False
Is 50 a factor of 2150?
True
Is 38 a factor of 116850?
True
Does 13 divide 4686?
False
Is 5 a factor of 189?
False
Is 4 a factor of 420?
True
Is 174 a multiple of 58?
True
Is 10692 a multiple of 3?
True
Does 9 divide 699?
False
Is 1872 a multiple of 16?
True
Does 34 divide 6528?
True
Is 70 a multiple of 14?
True
Does 30 divide 42120?
True
Is 25 a factor of 2524?
False
Does 30 divide 1080?
True
Does 122 divide 4639?
False
Is 56 a factor of 9576?
True
Does 14 divide 31?
False
Is 5 a factor of 5028?
False
Is 103 a factor of 2266?
True
Is 160 a factor of 4160?
True
Is 17 a factor of 5491?
True
Does 19 divide 9624?
False
Is 5 a factor of 5468?
False
Does 122 divide 598?
False
Does 24 divide 2712?
True
Does 7 divide 1569?
False
Is 4930 a multiple of 10?
True
Is 3034 a multiple of 5?
False
Does 18 divide 15840?
True
Does 45 divide 135?
True
Does 17 divide 2635?
True
Does 156 divide 72218?
False
Does 2 divide 286?
True
Is 1032 a multiple of 43?
True
Does 110 divide 16280?
True
Is 6 a factor of 306?
True
Is 934 a multiple of 87?
False
Does 19 divide 536?
False
Is 14 a factor of 1650?
False
Is 28 a multiple of 13?
False
Is 5150 a multiple of 18?
False
Is 240 a multiple of 8?
True
Does 19 divide 1308?
False
Is 70 a factor of 70?
True
Is 135 a factor of 56025?
True
Does 69 divide 3588?
True
Is 17268 a multiple of 148?
False
Does 292 divide 15245?
False
Is 1275 a multiple of 10?
False
Is 930 a multiple of 27?
False
Is 12 a factor of 235?
False
Does 254 divide 47498?
True
Is 2 a factor of 206?
True
Is 93 a factor of 868?
False
Is 786 even?
True
Does 82 divide 7358?
False
Does 28 divide 2462?
False
Does 33 divide 1850?
False
Is 11374 a multiple of 76?
False
Is 36 a factor of 8672?
False
Does 27 divide 7905?
False
Is 18 even?
True
Does 14 divide 532?
True
Is 109 a factor of 27032?
True
Is 461 a multiple of 15?
False
Is 696 a multiple of 20?
False
Does 171 divide 5336?
False
Does 39 divide 22972?
False
Is 71299 a multiple of 37?
True
Does 87 divide 1368?
False
Does 18 divide 288?
True
Does 10 divide 1820?
True
Does 15 divide 314?
False
Is 4644 a multiple of 28?
False
Is 2285 a multiple of 61?
False
Is 22 a factor of 3872?
True
Is 419 a multiple of 58?
False
Is 13310 a multiple of 110?
True
Is 2036 a multiple of 93?
False
Is 1750 a multiple of 28?
False
Is 165 a multiple of 33?
True
Is 47 a factor of 940?
True
Does 45 divide 2645?
False
Is 25 a factor of 670?
False
Is 122 a multiple of 10?
False
Is 32 a factor of 9440?
True
Is 589 a multiple of 19?
True
Is 4116 a multiple of 84?
True
Is 40 a factor of 4120?
True
Is 22 a factor of 6374?
False
Is 35 a factor of 17570?
True
Does 34 divide 9610?
False
Does 38 divide 76190?
True
Is 846 a multiple of 6?
True
Does 209 divide 46991?
False
Does 28 divide 84?
True
Is 51 a factor of 408?
True
Is 1768 a multiple of 59?
False
Is 96 a multiple of 8?
True
Is 21 a multiple of 8?
False
Is 35 a factor of 1610?
True
Is 36 a factor of 3765?
False
Does 65 divide 910?
True
Does 32 divide 22208?
True
Does 20 divide 11941?
False
Is 6 a factor of 282?
True
Is 6 a factor of 96?
True
Is 8424 a multiple of 18?
True
Does 20 divide 581?
False
Is 647 a multiple of 16?
False
Is 9 a factor of 3402?
True
Is 67 a multiple of 2?
False
Is 13 a factor of 39637?
True
Does 73 divide 26937?
True
Does 13 divide 494?
True
Does 28 divide 350?
False
Is 9804 a multiple of 12?
True
Does 22 divide 2332?
True
Is 14 a factor of 2478?
True
Is 6104 a multiple of 8?
True
Is 17 a factor of 601?
False
Does 43 divide 473?
True
Is 39 a factor of 19812?
True
Does 20 divide 6349?
False
Is 17963 a multiple of 12?
False
Is 28 a factor of 7112?
True
Does 22 divide 308?
True
Is 1090 a multiple of 4?
False
Does 17 divide 882?
False
Is 6 a factor of 3930?
True
Is 33 a factor of 122?
False
Is 51 a factor of 12546?
True
Does 21 divide 2249?
False
Is 1144 a multiple of 13?
True
Is 65 a factor of 1024?
False
Does 6 divide 230?
False
Is 34 a factor of 13096?
False
Is 40 a factor of 9880?
True
Is 7 a factor of 1225?
True
Does 16 divide 54072?
False
Is 11 a factor of 4015?
True
Is 5130 a multiple of 57?
True
Does 20 divide 140?
True
Does 26 divide 9152?
True
Does 117 divide 8658?
True
Is 272 a factor of 46512?
True
Does 31 divide 8587?
True
Is 8 a factor of 255?
False
Is 2700 a multiple of 9?
True
Is 756 a multiple of 18?
True
Is 35261 a mu